 7, what is -2263 + -2632?
-5225
In base 12, what is 1 - -13705?
13706
In base 7, what is 31200 - 130?
31040
In base 15, what is 17 - 1d3a?
-1d23
In base 5, what is 10102240 - 0?
10102240
In base 15, what is 2 - 111c46?
-111c44
In base 7, what is -5 - 12633115?
-12633123
In base 6, what is -1 + 433?
432
In base 12, what is -120298 - -5?
-120293
In base 2, what is -10100100110 + -11010?
-10101000000
In base 2, what is -1001001 + -10000010?
-11001011
In base 10, what is -20 - -7603?
7583
In base 4, what is 100 - 2000233?
-2000133
In base 11, what is -a6 + 87?
-1a
In base 14, what is -22d - -b?
-222
In base 5, what is -4 + -40000?
-40004
In base 7, what is -26 - 136?
-165
In base 10, what is 4 - -1681?
1685
In base 14, what is -43b + -3?
-440
In base 6, what is -1121 + 302?
-415
In base 16, what is 301b + d?
3028
In base 11, what is -1275 - -20?
-1255
In base 12, what is -33b6 - 325?
-371b
In base 11, what is 2 + -2733a2?
-2733a0
In base 14, what is -867 + -24?
-88b
In base 4, what is -12110221 + 3?
-12110212
In base 9, what is 173864 - -5?
173870
In base 12, what is 5 + -6946?
-6941
In base 14, what is 4 - -5b00?
5b04
In base 4, what is -3 - -1220203?
1220200
In base 9, what is 22 + -100467?
-100445
In base 16, what is -450 + 0?
-450
In base 7, what is 40600 - -15?
40615
In base 5, what is 21413321 - 4?
21413312
In base 14, what is -27a8 + -c?
-27b6
In base 4, what is -10123210 - -10?
-10123200
In base 8, what is 5 - -4340774?
4341001
In base 11, what is -8168 - -7?
-8161
In base 9, what is -5 + 716401?
716385
In base 2, what is 100 - -1011001100100?
1011001101000
In base 15, what is b7 + -70?
47
In base 11, what is -46329 + -3?
-46331
In base 2, what is 10011001101000 - -11000?
10011010000000
In base 14, what is 124b + 13b?
1388
In base 16, what is 874 - 90?
7e4
In base 8, what is -405350 - 0?
-405350
In base 10, what is -533728 + -10?
-533738
In base 2, what is 1 - 111111000101?
-111111000100
In base 4, what is -21030220 + 101?
-21030113
In base 6, what is -2 + -30045?
-30051
In base 8, what is -25 - -2346?
2321
In base 12, what is -5 + -3b77?
-3b80
In base 12, what is 5 + 276bb?
27704
In base 16, what is ff5 - -ce?
10c3
In base 3, what is 2201 + 100121?
110022
In base 16, what is 1 + 43cb0?
43cb1
In base 16, what is 15 + 6848?
685d
In base 12, what is -66272 - 9?
-6627b
In base 10, what is -81 - -2543?
2462
In base 12, what is -12 + -1784?
-1796
In base 5, what is 3010431 - -32?
3011013
In base 16, what is -73ba + 4?
-73b6
In base 16, what is 0 + 2337?
2337
In base 9, what is -1042745 + 2?
-1042743
In base 10, what is -16892 + 119?
-16773
In base 4, what is -1212 - 21020?
-22232
In base 13, what is 3 + 65cbc?
65cc2
In base 15, what is -24 + -31ca?
-31ee
In base 6, what is 32143 - 1530?
30213
In base 10, what is -57643 + -3?
-57646
In base 2, what is 11100001000001001 - 100?
11100001000000101
In base 14, what is -241 + -20?
-261
In base 11, what is -160 - 2950?
-3000
In base 15, what is -27 - -213?
1db
In base 8, what is 131505 - 25?
131460
In base 6, what is -1140 - 104?
-1244
In base 12, what is 272 - 1b9?
75
In base 2, what is -111011001000 - 0?
-111011001000
In base 9, what is -308 - 1432?
-1741
In base 11, what is -70547 + 4?
-70543
In base 3, what is 2112 - -1010220022?
1010222211
In base 3, what is -11 - -2021112120201?
2021112120120
In base 4, what is -10 - 31023300?
-31023310
In base 14, what is -5 + 8c458?
8c453
In base 4, what is -220332 - 23?
-221021
In base 15, what is 2c + -c1c?
-be0
In base 10, what is 0 - 4669?
-4669
In base 14, what is 5 + 2c824?
2c829
In base 9, what is 5 + -14434?
-14428
In base 6, what is -154 + -2441?
-3035
In base 11, what is -2673 + 8?
-2666
In base 2, what is 1 - -10011001110010101?
10011001110010110
In base 3, what is 101122 - -101211?
210110
In base 8, what is -1630 - 4712?
-6542
In base 7, what is -3216 + -5534?
-12053
In base 2, what is -1 + 11110001101100001?
11110001101100000
In base 4, what is -10332103 - -22?
-10332021
In base 2, what is -101001001001100000001 - 10?
-101001001001100000011
In base 16, what is 47b9 + 8?
47c1
In base 8, what is 11203 + 226?
11431
In base 8, what is 61 + 125?
206
In base 13, what is 2 - -65ac?
65b1
In base 16, what is 994 + -17?
97d
In base 3, what is -21110211 + 22?
-21110112
In base 6, what is -5 + -122525?
-122534
In base 6, what is 405051 - 1?
405050
In base 9, what is 41 - -173?
224
In base 4, what is 101 - -10032032?
10032133
In base 11, what is 4 + 392149?
392152
In base 11, what is -451a5 + -5?
-451aa
In base 4, what is 2 - 1200000101?
-1200000033
In base 10, what is 22 + 58228?
58250
In base 9, what is -225777 - -1?
-225776
In base 11, what is -75633 + 5?
-75629
In base 13, what is -13c5 - 1?
-13c6
In base 2, what is 1110101001 + 101?
1110101110
In base 2, what is 1010011010 + -1001110?
1001001100
In base 14, what is -2 + 3b01?
3add
In base 2, what is -10100001110000011 - 1100?
-10100001110001111
In base 6, what is 202 + 1004?
1210
In base 13, what is 4 + 2a0b84?
2a0b88
In base 6, what is 1 + 224543?
224544
In base 7, what is -1 - -334326?
334325
In base 6, what is -1 - -21430?
21425
In base 8, what is 162 + 514?
676
In base 15, what is -12ab - 8?
-12b4
In base 7, what is -21 - 104556?
-104610
In base 16, what is d3 + -3f?
94
In base 9, what is -4 + -178525?
-178530
In base 10, what is -50567 - 0?
-50567
In base 4, what is 21013 - -202?
21221
In base 11, what is 31a - a?
310
In base 2, what is -110010001101110 - -10?
-110010001101100
In base 12, what is -1a06 - 15?
-1a1b
In base 9, what is -3 - 21058?
-21062
In base 7, what is -10 + -511151?
-511161
In base 7, what is 165 + 60133?
60331
In base 14, what is 1a96b - -4?
1a971
In base 15, what is -4598 + 0?
-4598
In base 10, what is -5 - 9296?
-9301
In base 11, what is -6 - -166826?
166820
In base 7, what is -530 + 1360?
530
In base 16, what is -3fc + -50b?
-907
In base 8, what is -145576 + 23?
-145553
In base 7, what is 2366 + 210?
2606
In base 3, what is -101 - -1000102011112?
1000102011011
In base 11, what is 724a + -3?
7247
In base 5, what is 1233011 + 1?
1233012
In base 4, what is -211 - 3003?
-3220
In base 15, what is -3d4 + -47?
-42b
In base 6, what is -1005002 - 25?
-1005031
In base 10, what is 71 + -269?
-198
In base 15, what is -4 + -165c26?
-165c2a
In base 3, what is 112 + 20012101?
20012220
In base 4, what is -120 - 10231022?
-10231202
In base 3, what is -1221 - 1010111?
-1012102
In base 12, what is -182 + -a47?
-1009
In base 9, what is 15661 - -3?
15664
In base 16, what is 5 - 63b95?
-63b90
In base 15, what is -3 - 1c649?
-1c64c
In base 10, what is -216 + -112?
-328
In base 14, what is 4 - -1d69a?
1d6a0
In base 14, what is -6bb25 + -1?
-6bb26
In base 15, what is 13d + 63?
1a1
In base 16, what is -529d - -c?
-5291
In base 14, what is 2 + 2009b?
2009d
In base 12, what is 30 + 1806a?
1809a
In base 12, what is 14 + 71a?
732
In base 2, what is -1011001 + -1110100001?
-1111111010
In base 16, what is -2d7 + 57?
-280
In base 2, what is 1110011111000 + -100100?
1110011010100
In base 6, what is 51113 + 5?
51122
In base 9, what is 0 + -37720?
-37720
In base 11, what is 184a9 - 19?
18490
In base 5, what is 22423 + 1441?
24414
In base 11, what is 4 + -24788?
-24784
In base 12, what is 32 - -3b12?
3b44
In base 2, what is -11 + -101000110110110?
-101000110111001
In base 15, what is -125 - -16?
-10e
In base 14, what is -4 + -a48?
-a4c
In base 7, what is 15 - 43266?
-43251
In base 8, what is 116673 + -1?
116672
In base 9, what is -112 + -86?
-208
In base 10, what is -1 + -395341?
-395342
In base 6, what is 153 - -55355?
55552
In base 4, what is -13 + 333012?
332333
In base 11, what is -388 + -3?
-390
In base 2, what is 100101000010000 - 100?
100101000001100
In base 5, what is -2 + 101134?
101132
In base 7, what is 325 - -446?
1104
In base 7, what is -15030656 + -4?
-15030663
In base 10, what is -80 + 9413?
9333
In base 5, what is 4 - -3141422?
3141431
In base 12, what is 6 + 78?
82
In base 14, what is -2 + -8542?
-8544
In base 16, what is 10 + 6f1?
701
In base 6, what is 10342 - -14?
10400
In base 6, what is 503 + -1024?
-121
In base 4, what is -11233331 - -1323?
-11232002
In base 9, what is -12011 + 80?
-11821
In base 14, what is -4 - -4628c?
46288
In base 10, what is -70 - -8276?
8206
In base 13, what is -5